ds digit of 7134/4*((-531)/(-27) - -5)?
3
Let a = -85 - -143. Suppose a = p + 4*v + 15, -3*v + 81 = 2*p. What is the units digit of p?
9
Suppose 51*v = 21*v + 48150. Suppose o = 5*w + 796, 6*o + 3*w - v = 4*o. What is the tens digit of o?
0
Let y(x) = -x**3 - x**2 + 4*x - 20. Let z be y(-4). Suppose -9*b = z*b - 5229. What is the tens digit of b?
4
Let m = 1072 + -386. Suppose -g = d - m, 3*g + 167 + 499 = d. What is the units digit of d?
1
Let g = 285 - 450. What is the hundreds digit of (11/(g/(-333)))/((-1)/(-30))?
6
Suppose 12 = 4*i, 0*i - 4*i = -5*p - 9542. Let w = 3198 + p. What is the hundreds digit of w?
2
Let w(u) = -u. Let h(f) = -f**2 + 12*f + 10. Let b(q) = -h(q) - 3*w(q). Let t be b(10). Suppose t = 21*y - 27*y + 642. What is the tens digit of y?
0
Suppose 5*d - 5270 = j + 15227, j = -4*d + 16394. What is the thousands digit of d?
4
Suppose -8*p + 5568 = 4*p. Let j = -701 + p. Let x = j - -464. What is the hundreds digit of x?
2
Let y(u) = -u**3 + 34*u**2 - 3*u - 73. What is the units digit of y(26)?
7
Let k be 172 + (4 - 4)/1. Suppose -k*i = -165*i - 4865. What is the tens digit of i?
9
Suppose 2*k = 10, -2*h + 3*k + k + 4994 = 0. What is the units digit of h?
7
Let h(c) be the first derivative of -1/3*c**3 - 8*c + 5*c**2 - 17. What is the units digit of h(9)?
1
Let m = 37154 - 15451. What is the ten thousands digit of m?
2
Let y(k) = 11*k + 94. Let z be y(-11). What is the hundreds digit of (873/z)/(-1*4/36)?
2
Suppose 0 = 70*u + u - 4470799. What is the tens digit of u?
6
Suppose 0*r - 3*r - 189 = -5*m, 4*m - 3*r - 153 = 0. Let g = -27 + m. Suppose 0 = g*c - 12*c + 117. What is the tens digit of c?
3
Let p be -1*1 + (3 - (-12 - -7)). Suppose 0*w + 210 = -p*w. What is the tens digit of (-696)/w*(-5)/(-2)?
5
Let z = 27 - 39. What is the hundreds digit of (z - -9)/(2/(-84))?
1
Let c(r) = 5295*r**3 - 4*r**2 + 6*r - 6. What is the tens digit of c(1)?
9
Let y = 85 + -83. Suppose 0*i - 2*j - 2396 = -3*i, -y*i + 1608 = -4*j. Suppose i - 86 = 5*q. What is the units digit of q?
2
Suppose 4*i - 7*p + 6*p = 1120, -3*i - 3*p + 855 = 0. Let o = -56 + i. What is the units digit of o?
5
Suppose 3*g = -2*g + 15, -4*o + g + 108277 = 0. What is the ten thousands digit of o?
2
Suppose 0 = -36*d + 45*d. Suppose c + h - 37 = d, -4*c = 106*h - 111*h - 112. What is the tens digit of c?
3
Suppose -760 = -4*z + 2*o, -5*o - 955 = 4*z - 9*z. Let p = 48 + 55. Let w = z - p. What is the tens digit of w?
8
Let z = 5266 + -4509. What is the tens digit of z?
5
Let f be 15/(75/(-1318)) + (-4)/10. Let s = f + 455. What is the tens digit of s?
9
Let i(z) = 10*z + 21. Let f(d) = 3*d + 7. Let t(g) = 14*f(g) - 4*i(g). Let k be t(-7). Suppose 38 = -k*c + c. What is the units digit of c?
8
Suppose -4*m + 10 = -0*w + 2*w, -14 = -5*m - 4*w. Suppose 0*z = m*z - 4. Suppose d + z*l - 6 = 6*l, -18 = -3*d + 5*l. What is the units digit of d?
6
Let m = 7668 - 5325. What is the tens digit of m?
4
What is the thousands digit of (-113)/226 - 19362/(-4)?
4
Let b(a) = 105*a**2 + 60*a + 169. What is the tens digit of b(-11)?
1
Suppose 4*v - z = 9, -3*z + 16 = 2*v + 1. Let d(i) = -i + v - 3*i + 6 - 3*i. What is the tens digit of d(-7)?
5
Let u be (405/25 - 11) + (-4)/(-5). Suppose -2*f = -u, 5*h - 4*f - 6513 = 580. What is the hundreds digit of h?
4
Suppose -6 - 9 = -5*h. Suppose 0*j - 10 = -h*j - 5*r, 0 = -2*j + r - 15. Let w(s) = 2*s**2 + 9*s + 8. What is the units digit of w(j)?
3
Suppose -u - 298 = -3*g, -5*u + 2*g - 7*g = 1530. What is the units digit of (31/(-124))/(2/u)?
8
Let x = 678 - -12689. What is the hundreds digit of x?
3
Let w(t) = 2*t - 30. Let g be w(12). Let i(r) = r**3 + 5*r**2 - 12*r - 8. What is the tens digit of i(g)?
2
Let k be (-3 - 3)*15/(-10). Suppose 0 = -4*b + 7 + k. Let c = b + 69. What is the tens digit of c?
7
Suppose 49 = 3*i + 46. What is the units digit of ((-6)/12 + 0)/(i/(-2018))?
9
Let h be ((-269)/2 - 5)/((-3)/4). Suppose 2*q - 592 = h. Suppose 5*t + 24 = q. What is the tens digit of t?
7
Let a(w) = -3760*w - 95. What is the units digit of a(-4)?
5
Let j = 6983 + 5471. What is the ten thousands digit of j?
1
Suppose -3*n + 33095 = -h + 491, 4*n = -h + 43458. What is the ten thousands digit of n?
1
Let t = 1903 + -733. Let r = t + 220. What is the units digit of r?
0
Suppose 0 = -3*z - 4*h + 31, -z - 5*h = 4*z - 45. Suppose -3*r = -z*t - 1637, 3*r + r - 4*t = 2188. What is the hundreds digit of r?
5
Let w(z) = z**3 - 41*z**2 + 73*z + 33. Let x be w(40). Let f = x - 376. What is the hundreds digit of f?
9
Suppose 133*t = 118*t + 62910. What is the units digit of t?
4
Let p(v) = 26886*v**2 + 779*v - 780. What is the units digit of p(1)?
5
Let b be 4/(-14) - (-15678)/42. Let i = -216 + b. What is the hundreds digit of i?
1
Suppose 2499 = 16*b - 9*b. Suppose 8*v = -o + 9*v + b, -5*v + 1473 = 4*o. What is the units digit of o?
2
Suppose 0 = -9*r - 5*r + 458890 - 77362. What is the units digit of r?
2
Let r(b) = b**2 + 18*b + 40. Let t be r(-16). Suppose 3*n + 2 = -0*n - 4*k, 2*n + t = -k. What is the units digit of 22 + 1/(1 - (-3)/n)?
4
Suppose -2*t - 481 = -k, -2*t - 1 + 9 = 0. Let m = -121 + k. Suppose 5*o - m - 530 = -2*h, 3*h = 4*o - 700. What is the tens digit of o?
7
Let g = -30806 + 31478. What is the tens digit of g?
7
Let k = -41 + 98. Let c = -47 + k. Suppose 0 = c*p - 705 - 225. What is the units digit of p?
3
Suppose -1 - 8 = -3*s. Suppose -8*a + s*a = 0. Suppose a = u + q - 113, q - 265 = -3*u + 78. What is the tens digit of u?
1
Suppose -7736*j = -7741*j + 145812 + 47563. What is the ten thousands digit of j?
3
Let u(t) = t + 13. Let y be u(-8). Let d be ((-4)/y)/((-8)/200). Suppose 2*f - 4*h = 80, -f - 2*h = h - d. What is the units digit of f?
2
Suppose -27 = 59*l - 63*l - y, -5*y = -2*l - 3. Suppose -4*o + 15 = 5*c, 3*c + 2*c - 5 = -2*o. Suppose l = -o*a + 26. What is the units digit of a?
4
Suppose 13*i - 30*i + 68765 = 0. What is the hundreds digit of i?
0
Let u = -11827 + 21392. What is the units digit of u?
5
Let d(p) = -p + 560. Suppose -4*o + 10 = -0*o + 5*b, 0 = 3*o - b + 2. What is the tens digit of d(o)?
6
What is the hundreds digit of (914 - 7/(-7))*13?
8
Let j be (-88)/(-11) + 3789/(-3). Let o = 1879 + j. What is the tens digit of o?
2
Let t be (-148)/38 + 6/(-57). What is the hundreds digit of (201/t)/((-42)/448)?
5
Suppose -2*i - 2*i = 208. Let c = i - -112. Suppose -c*v - 504 = -64*v. What is the hundreds digit of v?
1
Suppose -2*h = -139 - 147. Suppose -12908*t - 4863 = -12924*t + 113. Let g = t - h. What is the hundreds digit of g?
1
Let u be (-2)/(-3)*42/(-7). Let t(b) be the first derivative of -7*b**2 - 7*b - 1. What is the units digit of t(u)?
9
Let o be 13/(-39) + (-3702)/(-9). Let m = o - 180. What is the hundreds digit of m?
2
Let y be (-34)/85 - 4/(-10). Suppose y = 9*m - 1266 - 804. What is the tens digit of m?
3
Suppose -38*p + 35*p = 2367. What is the hundreds digit of p*(-3)/9*(5 + -2)?
7
Let q = -11091 - -22187. What is the units digit of q?
6
Suppose -193*k + 389*k - 193*k - 92595 = 0. What is the thousands digit of k?
0
Let a(c) = -13*c**3 + 4*c**2 + 3*c + 5. Let g be a(-6). Suppose 2*l - 692 = -2*b, 5*l + 1221 = -b + g. What is the units digit of l?
3
Let g be (7/7)/(4/3728). Let a = g - 608. What is the tens digit of a?
2
What is the tens digit of ((-32288433)/(-2094))/(-1 + (-3)/(-2))?
3
Let r be 46/(-207) + 19112/(-18). Let s = -684 - r. What is the units digit of s?
8
Let h(p) = 464*p**3 + p - 1. Let a be h(1). Suppose -a = 7*r + r. What is the units digit of (-1)/(-1) + -5 - r?
4
What is the hundreds digit of ((2 + 4702)/(-2))/(-4 + (-689)/(-182))?
9
Let m(x) = 72*x**2 + 542*x - 23. What is the hundreds digit of m(-12)?
8
Let d(q) = -2*q - 4. Let w be d(-2). Let r = -6 - -6. What is the units digit of 3 - -102 - (r + w/(-2))?
5
What is the thousands digit of (-142219)/(-44) - 2/8?
3
Let w(l) = -l - 14. Suppose 1 + 10 = -g. Let h be w(g). What is the tens digit of (-25)/((h - -5)/(-4))?
5
Suppose 3*h + 5 = -5*i - 5, 6 = -3*i + 2*h. What is the units digit of (-48 - -101)/(i/(-12))?
8
Let d(x) = -x**2 - 10*x - 31. Let u be d(-6). What is the tens digit of u/(28/(-740))*(-6)/(-15)?
7
Let k = 60905 - 34396. What is the tens digit of k?
0
What is the hundreds digit of (-42808)/(-10) - (-4)/20?
2
L